CRAN Package Check Results for Package ssr

Last updated on 2024-07-18 06:57:37 CEST.

Flavor Version Tinstall Tcheck Ttotal Status Flags
r-devel-linux-x86_64-debian-clang 0.1.1 2.28 94.30 96.58 OK
r-devel-linux-x86_64-debian-gcc 0.1.1 2.47 67.38 69.85 OK
r-devel-linux-x86_64-fedora-clang 0.1.1 124.13 NOTE
r-devel-linux-x86_64-fedora-gcc 0.1.1 127.78 NOTE
r-devel-windows-x86_64 0.1.1 4.00 81.00 85.00 OK
r-patched-linux-x86_64 0.1.1 1.95 91.82 93.77 OK
r-release-linux-x86_64 0.1.1 2.01 90.83 92.84 OK
r-release-macos-arm64 0.1.1 37.00 OK
r-release-macos-x86_64 0.1.1 58.00 OK
r-release-windows-x86_64 0.1.1 4.00 82.00 86.00 OK
r-oldrel-macos-arm64 0.1.1 43.00 OK
r-oldrel-macos-x86_64 0.1.1 67.00 OK
r-oldrel-windows-x86_64 0.1.1 4.00 104.00 108.00 OK

Check Details

Version: 0.1.1
Check: dependencies in R code
Result: NOTE Namespace in Imports field not imported from: ‘e1071’ All declared Imports should be used. Flavors: r-devel-linux-x86_64-fedora-clang, r-devel-linux-x86_64-fedora-gcc