CRAN Package Check Results for Package stabs

Last updated on 2024-07-14 05:53:45 CEST.

Flavor Version Tinstall Tcheck Ttotal Status Flags
r-devel-linux-x86_64-debian-clang 0.6-4 3.12 79.56 82.68 NOTE
r-devel-linux-x86_64-debian-gcc 0.6-4 2.43 63.48 65.91 NOTE
r-devel-linux-x86_64-fedora-clang 0.6-4 110.95 NOTE
r-devel-linux-x86_64-fedora-gcc 0.6-4 114.27 NOTE
r-devel-windows-x86_64 0.6-4 4.00 60.00 64.00 NOTE
r-patched-linux-x86_64 0.6-4 3.79 75.52 79.31 NOTE
r-release-linux-x86_64 0.6-4 2.92 79.95 82.87 NOTE
r-release-macos-arm64 0.6-4 31.00 NOTE
r-release-macos-x86_64 0.6-4 48.00 NOTE
r-release-windows-x86_64 0.6-4 3.00 61.00 64.00 NOTE
r-oldrel-macos-arm64 0.6-4 36.00 NOTE
r-oldrel-macos-x86_64 0.6-4 50.00 NOTE
r-oldrel-windows-x86_64 0.6-4 4.00 70.00 74.00 NOTE

Check Details

Version: 0.6-4
Check: Rd files
Result: NOTE checkRd: (-1) stabsel_parameters.Rd:42: Lost braces 42 | always use code{"none"}.} | ^ checkRd: (-1) stabsel_stabsel.Rd:25: Lost braces 25 | always use code{"none"}.} | ^ Flavors: r-devel-linux-x86_64-debian-clang, r-devel-linux-x86_64-debian-gcc, r-devel-linux-x86_64-fedora-clang, r-devel-linux-x86_64-fedora-gcc, r-devel-windows-x86_64, r-patched-linux-x86_64, r-release-linux-x86_64, r-release-macos-arm64, r-release-macos-x86_64, r-release-windows-x86_64

Version: 0.6-4
Check: LazyData
Result: NOTE 'LazyData' is specified without a 'data' directory Flavors: r-devel-linux-x86_64-debian-clang, r-devel-linux-x86_64-debian-gcc, r-devel-linux-x86_64-fedora-clang, r-devel-linux-x86_64-fedora-gcc, r-devel-windows-x86_64, r-patched-linux-x86_64, r-release-linux-x86_64, r-release-macos-arm64, r-release-macos-x86_64, r-release-windows-x86_64, r-oldrel-macos-arm64, r-oldrel-macos-x86_64, r-oldrel-windows-x86_64