CRAN Package Check Results for Package statgenSTA

Last updated on 2024-06-13 06:58:20 CEST.

Flavor Version Tinstall Tcheck Ttotal Status Flags
r-devel-linux-x86_64-debian-clang 1.0.13 13.28 258.17 271.45 NOTE
r-devel-linux-x86_64-debian-gcc 1.0.13 0.74 1.77 2.51 ERROR
r-devel-linux-x86_64-fedora-clang 1.0.13 330.81 NOTE
r-devel-linux-x86_64-fedora-gcc 1.0.13 333.70 NOTE
r-devel-windows-x86_64 1.0.13 11.00 194.00 205.00 NOTE
r-patched-linux-x86_64 1.0.13 8.93 247.95 256.88 NOTE
r-release-linux-x86_64 1.0.13 13.87 245.71 259.58 NOTE
r-release-macos-arm64 1.0.13 97.00 NOTE
r-release-macos-x86_64 1.0.13 160.00 NOTE
r-release-windows-x86_64 1.0.13 11.00 196.00 207.00 NOTE
r-oldrel-macos-arm64 1.0.13 106.00 NOTE
r-oldrel-macos-x86_64 1.0.13 283.00 NOTE
r-oldrel-windows-x86_64 1.0.13 14.00 238.00 252.00 NOTE

Check Details

Version: 1.0.13
Check: package dependencies
Result: NOTE Package suggested but not available for checking: ‘asreml’ Flavors: r-devel-linux-x86_64-debian-clang, r-devel-linux-x86_64-fedora-clang, r-devel-linux-x86_64-fedora-gcc, r-devel-windows-x86_64, r-patched-linux-x86_64, r-release-linux-x86_64, r-release-macos-arm64, r-release-macos-x86_64, r-release-windows-x86_64, r-oldrel-macos-arm64, r-oldrel-macos-x86_64, r-oldrel-windows-x86_64

Version: 1.0.13
Check: package dependencies
Result: ERROR Packages required but not available: 'ggplot2', 'ggrepel', 'lme4' Packages suggested but not available for checking: 'asreml', 'testthat', 'tibble' See section ‘The DESCRIPTION file’ in the ‘Writing R Extensions’ manual. Flavor: r-devel-linux-x86_64-debian-gcc

Version: 1.0.13
Check: dependencies in R code
Result: NOTE Namespace in Imports field not imported from: ‘mapproj’ All declared Imports should be used. Flavors: r-devel-linux-x86_64-fedora-clang, r-devel-linux-x86_64-fedora-gcc