CRAN Package Check Results for Package stcos

Last updated on 2024-07-23 05:57:44 CEST.

Flavor Version Tinstall Tcheck Ttotal Status Flags
r-devel-linux-x86_64-debian-clang 0.3.1 88.12 113.81 201.93 OK
r-devel-linux-x86_64-debian-gcc 0.3.1 59.60 87.49 147.09 OK
r-devel-linux-x86_64-fedora-clang 0.3.1 305.80 OK
r-devel-linux-x86_64-fedora-gcc 0.3.1 266.78 OK
r-devel-windows-x86_64 0.3.1 72.00 115.00 187.00 OK
r-patched-linux-x86_64 0.3.1 75.91 110.37 186.28 OK
r-release-linux-x86_64 0.3.1 68.90 108.30 177.20 OK
r-release-macos-arm64 0.3.1 58.00 NOTE
r-release-macos-x86_64 0.3.1 82.00 NOTE
r-release-windows-x86_64 0.3.1 83.00 114.00 197.00 OK
r-oldrel-macos-arm64 0.3.1 70.00 NOTE
r-oldrel-macos-x86_64 0.3.1 140.00 NOTE
r-oldrel-windows-x86_64 0.3.1 84.00 144.00 228.00 OK

Check Details

Version: 0.3.1
Check: installed package size
Result: NOTE installed size is 6.9Mb sub-directories of 1Mb or more: data 2.3Mb libs 4.3Mb Flavors: r-release-macos-arm64, r-release-macos-x86_64, r-oldrel-macos-arm64, r-oldrel-macos-x86_64