CRAN Package Check Results for Package stlplus

Last updated on 2024-06-20 06:57:25 CEST.

Flavor Version Tinstall Tcheck Ttotal Status Flags
r-devel-linux-x86_64-debian-clang 0.5.1 38.87 43.33 82.20 NOTE
r-devel-linux-x86_64-debian-gcc 0.5.1 24.14 32.10 56.24 NOTE
r-devel-linux-x86_64-fedora-clang 0.5.1 114.75 NOTE
r-devel-linux-x86_64-fedora-gcc 0.5.1 107.89 NOTE
r-devel-windows-x86_64 0.5.1 28.00 65.00 93.00 NOTE
r-patched-linux-x86_64 0.5.1 31.20 40.97 72.17 NOTE
r-release-linux-x86_64 0.5.1 27.52 41.70 69.22 NOTE
r-release-macos-arm64 0.5.1 27.00 NOTE
r-release-macos-x86_64 0.5.1 63.00 NOTE
r-release-windows-x86_64 0.5.1 30.00 70.00 100.00 NOTE
r-oldrel-macos-arm64 0.5.1 32.00 NOTE
r-oldrel-macos-x86_64 0.5.1 48.00 NOTE
r-oldrel-windows-x86_64 0.5.1 36.00 120.00 156.00 NOTE

Check Details

Version: 0.5.1
Check: LazyData
Result: NOTE 'LazyData' is specified without a 'data' directory Flavors: r-devel-linux-x86_64-debian-clang, r-devel-linux-x86_64-debian-gcc, r-devel-linux-x86_64-fedora-clang, r-devel-linux-x86_64-fedora-gcc, r-devel-windows-x86_64, r-patched-linux-x86_64, r-release-linux-x86_64, r-release-macos-arm64, r-release-macos-x86_64, r-release-windows-x86_64, r-oldrel-macos-arm64, r-oldrel-macos-x86_64, r-oldrel-windows-x86_64

Version: 0.5.1
Check: compiled code
Result: NOTE File ‘stlplus/libs/stlplus.so’: Found no calls to: ‘R_registerRoutines’, ‘R_useDynamicSymbols’ It is good practice to register native routines and to disable symbol search. See ‘Writing portable packages’ in the ‘Writing R Extensions’ manual. Flavors: r-devel-linux-x86_64-fedora-clang, r-devel-linux-x86_64-fedora-gcc