Last updated on 2025-01-14 05:50:12 CET.
Flavor | Version | Tinstall | Tcheck | Ttotal | Status | Flags |
---|---|---|---|---|---|---|
r-devel-linux-x86_64-debian-clang | 2.0.0 | 44.49 | 106.90 | 151.39 | OK | --no-vignettes |
r-devel-linux-x86_64-debian-gcc | 2.0.0 | 36.28 | 71.79 | 108.07 | OK | --no-vignettes |
r-devel-linux-x86_64-fedora-clang | 2.0.0 | 515.32 | OK | |||
r-devel-linux-x86_64-fedora-gcc | 2.0.0 | 562.43 | OK | |||
r-devel-windows-x86_64 | 2.0.0 | 41.00 | 299.00 | 340.00 | OK | |
r-patched-linux-x86_64 | 2.0.0 | 49.32 | 110.08 | 159.40 | OK | --no-vignettes |
r-release-linux-x86_64 | 2.0.0 | 50.58 | 110.31 | 160.89 | OK | --no-vignettes |
r-release-macos-arm64 | 2.0.0 | 135.00 | NOTE | |||
r-release-macos-x86_64 | 2.0.0 | 356.00 | NOTE | |||
r-release-windows-x86_64 | 2.0.0 | 39.00 | 299.00 | 338.00 | OK | |
r-oldrel-macos-arm64 | 2.0.0 | 129.00 | NOTE | |||
r-oldrel-macos-x86_64 | 2.0.0 | 374.00 | NOTE | |||
r-oldrel-windows-x86_64 | 2.0.0 | 49.00 | 397.00 | 446.00 | OK |
Version: 2.0.0
Check: installed package size
Result: NOTE
installed size is 31.0Mb
sub-directories of 1Mb or more:
doc 1.5Mb
libs 28.9Mb
Flavors: r-release-macos-arm64, r-release-macos-x86_64, r-oldrel-macos-arm64, r-oldrel-macos-x86_64