CRAN Package Check Results for Package survexp.fr

Last updated on 2024-07-25 05:55:11 CEST.

Flavor Version Tinstall Tcheck Ttotal Status Flags
r-devel-linux-x86_64-debian-clang 1.1 6.02 65.94 71.96 OK
r-devel-linux-x86_64-debian-gcc 1.1 5.93 51.12 57.05 NOTE
r-devel-linux-x86_64-fedora-clang 1.1 94.37 OK
r-devel-linux-x86_64-fedora-gcc 1.1 86.65 OK
r-devel-windows-x86_64 1.1 7.00 71.00 78.00 NOTE
r-patched-linux-x86_64 1.1 8.35 63.25 71.60 OK
r-release-linux-x86_64 1.1 7.38 64.17 71.55 OK
r-release-macos-arm64 1.1 30.00 OK
r-release-macos-x86_64 1.1 43.00 OK
r-release-windows-x86_64 1.1 7.00 70.00 77.00 OK
r-oldrel-macos-arm64 1.1 34.00 OK
r-oldrel-macos-x86_64 1.1 49.00 OK
r-oldrel-windows-x86_64 1.1 9.00 80.00 89.00 OK

Check Details

Version: 1.1
Check: Rd cross-references
Result: NOTE Found the following Rd file(s) with Rd \link{} targets missing package anchors: survexp_plot.Rd: plot.survfit Please provide package anchors for all Rd \link{} targets not in the package itself and the base packages. Flavors: r-devel-linux-x86_64-debian-gcc, r-devel-windows-x86_64