CRAN Package Check Results for Package survivalAnalysis

Last updated on 2024-07-18 06:57:38 CEST.

Flavor Version Tinstall Tcheck Ttotal Status Flags
r-devel-linux-x86_64-debian-clang 0.3.0 11.45 161.59 173.04 OK
r-devel-linux-x86_64-debian-gcc 0.3.0 10.94 116.71 127.65 OK
r-devel-linux-x86_64-fedora-clang 0.3.0 224.29 OK
r-devel-linux-x86_64-fedora-gcc 0.3.0 214.27 OK
r-devel-windows-x86_64 0.3.0 13.00 131.00 144.00 NOTE
r-patched-linux-x86_64 0.3.0 23.44 150.93 174.37 OK
r-release-linux-x86_64 0.3.0 13.08 153.08 166.16 OK
r-release-macos-arm64 0.3.0 69.00 OK
r-release-macos-x86_64 0.3.0 97.00 OK
r-release-windows-x86_64 0.3.0 14.00 132.00 146.00 OK
r-oldrel-macos-arm64 0.3.0 73.00 OK
r-oldrel-macos-x86_64 0.3.0 114.00 OK
r-oldrel-windows-x86_64 0.3.0 16.00 157.00 173.00 OK

Check Details

Version: 0.3.0
Check: Rd cross-references
Result: NOTE Found the following Rd file(s) with Rd \link{} targets missing package anchors: forest_plot.Rd: draw_label forest_plot_grid.Rd: plot_grid kaplan_meier_grid.Rd: ggsurvplot, save_pdf, marrangeGrob kaplan_meier_plot.Rd: ggsurvplot, save_pdf pluck_multivariate_analysis.Rd: coxph pluck_survival_analysis.Rd: survfit, survdiff, coxph Please provide package anchors for all Rd \link{} targets not in the package itself and the base packages. Flavor: r-devel-windows-x86_64