CRAN Package Check Results for Package swgee

Last updated on 2024-06-13 06:58:20 CEST.

Flavor Version Tinstall Tcheck Ttotal Status Flags
r-devel-linux-x86_64-debian-clang 1.4 4.12 54.77 58.89 OK
r-devel-linux-x86_64-debian-gcc 1.4 0.27 1.67 1.94 ERROR
r-devel-linux-x86_64-fedora-clang 1.4 76.75 OK
r-devel-linux-x86_64-fedora-gcc 1.4 71.54 OK
r-devel-windows-x86_64 1.4 6.00 62.00 68.00 OK
r-patched-linux-x86_64 1.4 3.71 54.55 58.26 OK
r-release-linux-x86_64 1.4 3.38 53.87 57.25 OK
r-release-macos-arm64 1.4 26.00 OK
r-release-macos-x86_64 1.4 36.00 OK
r-release-windows-x86_64 1.4 5.00 63.00 68.00 OK
r-oldrel-macos-arm64 1.4 28.00 OK
r-oldrel-macos-x86_64 1.4 36.00 OK
r-oldrel-windows-x86_64 1.4 8.00 70.00 78.00 OK

Check Details

Version: 1.4
Check: package dependencies
Result: ERROR Package required but not available: ‘geepack’ See section ‘The DESCRIPTION file’ in the ‘Writing R Extensions’ manual. Flavor: r-devel-linux-x86_64-debian-gcc