Last updated on 2025-01-14 05:50:12 CET.
Flavor | Version | Tinstall | Tcheck | Ttotal | Status | Flags |
---|---|---|---|---|---|---|
r-devel-linux-x86_64-debian-clang | 0.8.9 | 4.26 | 20.18 | 24.44 | OK | |
r-devel-linux-x86_64-debian-gcc | 0.8.9 | 3.60 | 16.50 | 20.10 | OK | |
r-devel-linux-x86_64-fedora-clang | 0.8.9 | 42.29 | OK | |||
r-devel-linux-x86_64-fedora-gcc | 0.8.9 | 41.41 | OK | |||
r-devel-windows-x86_64 | 0.8.9 | 17.00 | 61.00 | 78.00 | OK | |
r-patched-linux-x86_64 | 0.8.9 | 3.93 | 19.23 | 23.16 | OK | |
r-release-linux-x86_64 | 0.8.9 | 3.49 | 19.39 | 22.88 | OK | |
r-release-macos-arm64 | 0.8.9 | 22.00 | NOTE | |||
r-release-macos-x86_64 | 0.8.9 | 29.00 | NOTE | |||
r-release-windows-x86_64 | 0.8.9 | 19.00 | 53.00 | 72.00 | OK | |
r-oldrel-macos-arm64 | 0.8.9 | 29.00 | NOTE | |||
r-oldrel-macos-x86_64 | 0.8.9 | 63.00 | NOTE | |||
r-oldrel-windows-x86_64 | 0.8.9 | 20.00 | 61.00 | 81.00 | OK |
Version: 0.8.9
Check: installed package size
Result: NOTE
installed size is 19.8Mb
sub-directories of 1Mb or more:
fonts 1.8Mb
libs 17.9Mb
Flavors: r-release-macos-arm64, r-release-macos-x86_64, r-oldrel-macos-arm64, r-oldrel-macos-x86_64