CRAN Package Check Results for Package tashu

Last updated on 2024-07-16 05:56:05 CEST.

Flavor Version Tinstall Tcheck Ttotal Status Flags
r-devel-linux-x86_64-debian-clang 0.1.1 8.47 67.64 76.11 NOTE
r-devel-linux-x86_64-debian-gcc 0.1.1 6.38 51.01 57.39 NOTE
r-devel-linux-x86_64-fedora-clang 0.1.1 99.48 NOTE
r-devel-linux-x86_64-fedora-gcc 0.1.1 102.18 NOTE
r-devel-windows-x86_64 0.1.1 8.00 69.00 77.00 NOTE
r-patched-linux-x86_64 0.1.1 4.96 65.41 70.37 NOTE
r-release-linux-x86_64 0.1.1 6.82 64.87 71.69 NOTE
r-release-macos-arm64 0.1.1 35.00 NOTE
r-release-macos-x86_64 0.1.1 54.00 NOTE
r-release-windows-x86_64 0.1.1 8.00 71.00 79.00 NOTE
r-oldrel-macos-arm64 0.1.1 38.00 NOTE
r-oldrel-macos-x86_64 0.1.1 52.00 NOTE
r-oldrel-windows-x86_64 0.1.1 9.00 79.00 88.00 NOTE

Check Details

Version: 0.1.1
Check: package dependencies
Result: NOTE Package suggested but not available for checking: ‘tashudata’ Flavors: r-devel-linux-x86_64-debian-clang, r-devel-linux-x86_64-debian-gcc, r-devel-linux-x86_64-fedora-clang, r-devel-linux-x86_64-fedora-gcc, r-devel-windows-x86_64, r-patched-linux-x86_64, r-release-linux-x86_64, r-release-macos-arm64, r-release-macos-x86_64, r-release-windows-x86_64, r-oldrel-macos-arm64, r-oldrel-macos-x86_64, r-oldrel-windows-x86_64

Version: 0.1.1
Check: LazyData
Result: NOTE 'LazyData' is specified without a 'data' directory Flavors: r-devel-linux-x86_64-debian-clang, r-devel-linux-x86_64-debian-gcc, r-devel-linux-x86_64-fedora-clang, r-devel-linux-x86_64-fedora-gcc, r-devel-windows-x86_64, r-patched-linux-x86_64, r-release-linux-x86_64, r-release-macos-arm64, r-release-macos-x86_64, r-release-windows-x86_64, r-oldrel-macos-arm64, r-oldrel-macos-x86_64, r-oldrel-windows-x86_64

Version: 0.1.1
Check: dependencies in R code
Result: NOTE Namespaces in Imports field not imported from: ‘drat’ ‘plyr’ All declared Imports should be used. Flavors: r-devel-linux-x86_64-fedora-clang, r-devel-linux-x86_64-fedora-gcc