CRAN Package Check Results for Package tfestimators

Last updated on 2024-07-23 05:57:45 CEST.

Flavor Version Tinstall Tcheck Ttotal Status Flags
r-devel-linux-x86_64-debian-clang 1.9.2 14.61 140.96 155.57 OK
r-devel-linux-x86_64-debian-gcc 1.9.2 9.54 105.23 114.77 NOTE
r-devel-linux-x86_64-fedora-clang 1.9.2 196.09 OK
r-devel-linux-x86_64-fedora-gcc 1.9.2 198.07 OK
r-devel-windows-x86_64 1.9.2 11.00 126.00 137.00 NOTE
r-patched-linux-x86_64 1.9.2 19.72 135.02 154.74 OK
r-release-linux-x86_64 1.9.2 7.85 135.10 142.95 OK
r-release-macos-arm64 1.9.2 65.00 OK
r-release-macos-x86_64 1.9.2 104.00 OK
r-release-windows-x86_64 1.9.2 13.00 127.00 140.00 OK
r-oldrel-macos-arm64 1.9.2 75.00 OK
r-oldrel-macos-x86_64 1.9.2 110.00 OK
r-oldrel-windows-x86_64 1.9.2 15.00 150.00 165.00 OK

Check Details

Version: 1.9.2
Check: Rd cross-references
Result: NOTE Found the following Rd file(s) with Rd \link{} targets missing package anchors: feature_columns.Rd: tidyselect Please provide package anchors for all Rd \link{} targets not in the package itself and the base packages. Flavors: r-devel-linux-x86_64-debian-gcc, r-devel-windows-x86_64