CRAN Package Check Results for Package tfruns

Last updated on 2024-07-23 05:57:45 CEST.

Flavor Version Tinstall Tcheck Ttotal Status Flags
r-devel-linux-x86_64-debian-clang 1.5.3 4.87 49.31 54.18 OK
r-devel-linux-x86_64-debian-gcc 1.5.3 3.46 38.27 41.73 NOTE
r-devel-linux-x86_64-fedora-clang 1.5.3 69.84 OK
r-devel-linux-x86_64-fedora-gcc 1.5.3 80.16 OK
r-devel-windows-x86_64 1.5.3 5.00 106.00 111.00 NOTE
r-patched-linux-x86_64 1.5.3 6.81 48.74 55.55 OK
r-release-linux-x86_64 1.5.3 3.39 48.99 52.38 OK
r-release-macos-arm64 1.5.3 66.00 OK
r-release-macos-x86_64 1.5.3 64.00 OK
r-release-windows-x86_64 1.5.3 5.00 103.00 108.00 OK
r-oldrel-macos-arm64 1.5.3 62.00 OK
r-oldrel-macos-x86_64 1.5.3 85.00 OK
r-oldrel-windows-x86_64 1.5.3 6.00 98.00 104.00 OK

Check Details

Version: 1.5.3
Check: Rd cross-references
Result: NOTE Found the following Rd file(s) with Rd \link{} targets missing package anchors: flags.Rd: yaml.load Please provide package anchors for all Rd \link{} targets not in the package itself and the base packages. Flavors: r-devel-linux-x86_64-debian-gcc, r-devel-windows-x86_64