CRAN Package Check Results for Package tidyRSS

Last updated on 2024-06-13 06:58:21 CEST.

Flavor Version Tinstall Tcheck Ttotal Status Flags
r-devel-linux-x86_64-debian-clang 2.0.7 7.38 56.45 63.83 OK
r-devel-linux-x86_64-debian-gcc 2.0.7 0.62 1.73 2.35 ERROR
r-devel-linux-x86_64-fedora-clang 2.0.7 79.45 OK
r-devel-linux-x86_64-fedora-gcc 2.0.7 77.04 OK
r-devel-windows-x86_64 2.0.7 7.00 64.00 71.00 OK
r-patched-linux-x86_64 2.0.7 6.52 55.06 61.58 OK
r-release-linux-x86_64 2.0.7 6.72 53.76 60.48 OK
r-release-macos-arm64 2.0.7 29.00 OK
r-release-macos-x86_64 2.0.7 44.00 OK
r-release-windows-x86_64 2.0.7 8.00 69.00 77.00 OK
r-oldrel-macos-arm64 2.0.7 33.00 OK
r-oldrel-macos-x86_64 2.0.7 45.00 OK
r-oldrel-windows-x86_64 2.0.7 9.00 73.00 82.00 OK

Check Details

Version: 2.0.7
Check: package dependencies
Result: ERROR Packages required but not available: 'tibble', 'dplyr', 'purrr', 'vctrs', 'tidyselect' Packages suggested but not available for checking: 'httptest', 'testthat' See section ‘The DESCRIPTION file’ in the ‘Writing R Extensions’ manual. Flavor: r-devel-linux-x86_64-debian-gcc