CRAN Package Check Results for Package tidytidbits

Last updated on 2024-07-16 05:56:06 CEST.

Flavor Version Tinstall Tcheck Ttotal Status Flags
r-devel-linux-x86_64-debian-clang 0.3.2 5.52 55.71 61.23 OK
r-devel-linux-x86_64-debian-gcc 0.3.2 5.45 41.44 46.89 OK
r-devel-linux-x86_64-fedora-clang 0.3.2 79.89 OK
r-devel-linux-x86_64-fedora-gcc 0.3.2 72.71 OK
r-devel-windows-x86_64 0.3.2 7.00 70.00 77.00 NOTE
r-patched-linux-x86_64 0.3.2 13.05 52.97 66.02 OK
r-release-linux-x86_64 0.3.2 4.08 51.86 55.94 OK
r-release-macos-arm64 0.3.2 24.00 OK
r-release-macos-x86_64 0.3.2 40.00 OK
r-release-windows-x86_64 0.3.2 6.00 70.00 76.00 OK
r-oldrel-macos-arm64 0.3.2 26.00 OK
r-oldrel-macos-x86_64 0.3.2 39.00 OK
r-oldrel-windows-x86_64 0.3.2 8.00 81.00 89.00 OK

Check Details

Version: 0.3.2
Check: Rd cross-references
Result: NOTE Found the following Rd file(s) with Rd \link{} targets missing package anchors: are_true.Rd: as_logical categorical_test_by.Rd: map_dfr count_by.Rd: count first_non_nas_at.Rd: select first_which_non_na_at.Rd: select format_numbers_at.Rd: mutate_at format_p_values_at.Rd: mutate_at lump_rows.Rd: summarise order_factor_by.Rd: fct_reorder pluck_vector.Rd: pluck, simplify rename_factor.Rd: fct_recode, fct_relevel rename_reorder_factor.Rd: fct_recode, fct_relevel with_name.Rd: pluck, str_detect with_value_containing.Rd: pluck, str_detect Please provide package anchors for all Rd \link{} targets not in the package itself and the base packages. Flavor: r-devel-windows-x86_64