CRAN Package Check Results for Package tmaptools

Last updated on 2024-07-21 05:57:49 CEST.

Flavor Version Tinstall Tcheck Ttotal Status Flags
r-devel-linux-x86_64-debian-clang 3.1-1 8.60 99.77 108.37 NOTE
r-devel-linux-x86_64-debian-gcc 3.1-1 6.09 73.44 79.53 NOTE
r-devel-linux-x86_64-fedora-clang 3.1-1 130.55 NOTE
r-devel-linux-x86_64-fedora-gcc 3.1-1 121.63 NOTE
r-devel-windows-x86_64 3.1-1 8.00 91.00 99.00 NOTE
r-patched-linux-x86_64 3.1-1 8.70 95.07 103.77 NOTE
r-release-linux-x86_64 3.1-1 6.59 94.53 101.12 NOTE
r-release-macos-arm64 3.1-1 45.00 NOTE
r-release-macos-x86_64 3.1-1 68.00 NOTE
r-release-windows-x86_64 3.1-1 9.00 89.00 98.00 NOTE
r-oldrel-macos-arm64 3.1-1 54.00 NOTE
r-oldrel-macos-x86_64 3.1-1 80.00 NOTE
r-oldrel-windows-x86_64 3.1-1 10.00 106.00 116.00 NOTE

Check Details

Version: 3.1-1
Check: LazyData
Result: NOTE 'LazyData' is specified without a 'data' directory Flavors: r-devel-linux-x86_64-debian-clang, r-devel-linux-x86_64-debian-gcc, r-devel-linux-x86_64-fedora-clang, r-devel-linux-x86_64-fedora-gcc, r-devel-windows-x86_64, r-patched-linux-x86_64, r-release-linux-x86_64, r-release-macos-arm64, r-release-macos-x86_64, r-release-windows-x86_64, r-oldrel-macos-arm64, r-oldrel-macos-x86_64, r-oldrel-windows-x86_64

Version: 3.1-1
Check: Rd cross-references
Result: NOTE Undeclared package ‘sp’ in Rd xrefs Flavor: r-devel-linux-x86_64-fedora-clang