CRAN Package Check Results for Package trawl

Last updated on 2024-07-21 05:57:49 CEST.

Flavor Version Tinstall Tcheck Ttotal Status Flags
r-devel-linux-x86_64-debian-clang 0.2.2 3.08 110.66 113.74 NOTE
r-devel-linux-x86_64-debian-gcc 0.2.2 2.96 83.88 86.84 NOTE
r-devel-linux-x86_64-fedora-clang 0.2.2 152.50 NOTE
r-devel-linux-x86_64-fedora-gcc 0.2.2 159.31 NOTE
r-devel-windows-x86_64 0.2.2 6.00 170.00 176.00 NOTE
r-patched-linux-x86_64 0.2.2 3.78 111.38 115.16 NOTE
r-release-linux-x86_64 0.2.2 3.20 113.28 116.48 NOTE
r-release-macos-arm64 0.2.2 64.00 NOTE
r-release-macos-x86_64 0.2.2 86.00 NOTE
r-release-windows-x86_64 0.2.2 5.00 197.00 202.00 NOTE
r-oldrel-macos-arm64 0.2.2 69.00 NOTE
r-oldrel-macos-x86_64 0.2.2 101.00 NOTE
r-oldrel-windows-x86_64 0.2.2 6.00 174.00 180.00 NOTE

Check Details

Version: 0.2.2
Check: LazyData
Result: NOTE 'LazyData' is specified without a 'data' directory Flavors: r-devel-linux-x86_64-debian-clang, r-devel-linux-x86_64-debian-gcc, r-devel-linux-x86_64-fedora-clang, r-devel-linux-x86_64-fedora-gcc, r-devel-windows-x86_64, r-patched-linux-x86_64, r-release-linux-x86_64, r-release-macos-arm64, r-release-macos-x86_64, r-release-windows-x86_64, r-oldrel-macos-arm64, r-oldrel-macos-x86_64, r-oldrel-windows-x86_64