CRAN Package Check Results for Package tree.interpreter

Last updated on 2024-07-14 05:53:47 CEST.

Flavor Version Tinstall Tcheck Ttotal Status Flags
r-devel-linux-x86_64-debian-clang 0.1.1 44.60 58.35 102.95 NOTE
r-devel-linux-x86_64-debian-gcc 0.1.1 29.51 43.35 72.86 NOTE
r-devel-linux-x86_64-fedora-clang 0.1.1 152.35 NOTE
r-devel-linux-x86_64-fedora-gcc 0.1.1 162.04 NOTE
r-devel-windows-x86_64 0.1.1 36.00 85.00 121.00 NOTE
r-patched-linux-x86_64 0.1.1 39.39 55.55 94.94 NOTE
r-release-linux-x86_64 0.1.1 37.93 54.66 92.59 NOTE
r-release-macos-arm64 0.1.1 40.00 NOTE
r-release-macos-x86_64 0.1.1 56.00 NOTE
r-release-windows-x86_64 0.1.1 34.00 81.00 115.00 NOTE
r-oldrel-macos-arm64 0.1.1 48.00 NOTE
r-oldrel-macos-x86_64 0.1.1 77.00 NOTE
r-oldrel-windows-x86_64 0.1.1 44.00 95.00 139.00 NOTE

Check Details

Version: 0.1.1
Check: C++ specification
Result: NOTE Specified C++11: please drop specification unless essential Flavors: r-devel-linux-x86_64-debian-clang, r-devel-linux-x86_64-debian-gcc, r-devel-linux-x86_64-fedora-clang, r-devel-linux-x86_64-fedora-gcc, r-devel-windows-x86_64, r-patched-linux-x86_64, r-release-linux-x86_64, r-release-macos-arm64, r-release-macos-x86_64, r-release-windows-x86_64, r-oldrel-macos-arm64, r-oldrel-macos-x86_64, r-oldrel-windows-x86_64