CRAN Package Check Results for Package treedata.table

Last updated on 2024-07-14 05:53:47 CEST.

Flavor Version Tinstall Tcheck Ttotal Status Flags
r-devel-linux-x86_64-debian-clang 0.1.0 12.87 149.34 162.21 OK
r-devel-linux-x86_64-debian-gcc 0.1.0 9.02 109.77 118.79 OK
r-devel-linux-x86_64-fedora-clang 0.1.0 204.04 OK
r-devel-linux-x86_64-fedora-gcc 0.1.0 252.85 OK
r-devel-windows-x86_64 0.1.0 13.00 134.00 147.00 NOTE
r-patched-linux-x86_64 0.1.0 15.54 138.70 154.24 OK
r-release-linux-x86_64 0.1.0 10.69 141.55 152.24 OK
r-release-macos-arm64 0.1.0 81.00 OK
r-release-macos-x86_64 0.1.0 129.00 OK
r-release-windows-x86_64 0.1.0 13.00 134.00 147.00 OK
r-oldrel-macos-arm64 0.1.0 92.00 OK
r-oldrel-macos-x86_64 0.1.0 138.00 OK
r-oldrel-windows-x86_64 0.1.0 14.00 162.00 176.00 OK

Check Details

Version: 0.1.0
Check: Rd cross-references
Result: NOTE Found the following Rd file(s) with Rd \link{} targets missing package anchors: sub-sub-.treedata.table.Rd: data.table Please provide package anchors for all Rd \link{} targets not in the package itself and the base packages. Flavor: r-devel-windows-x86_64