CRAN Package Check Results for Package triplot

Last updated on 2024-07-21 05:57:49 CEST.

Flavor Version Tinstall Tcheck Ttotal Status Flags
r-devel-linux-x86_64-debian-clang 1.3.0 7.70 130.43 138.13 NOTE
r-devel-linux-x86_64-debian-gcc 1.3.0 8.41 94.23 102.64 NOTE
r-devel-linux-x86_64-fedora-clang 1.3.0 167.26 NOTE
r-devel-linux-x86_64-fedora-gcc 1.3.0 161.93 NOTE
r-devel-windows-x86_64 1.3.0 11.00 103.00 114.00 NOTE
r-patched-linux-x86_64 1.3.0 11.96 123.49 135.45 NOTE
r-release-linux-x86_64 1.3.0 7.42 123.95 131.37 NOTE
r-release-macos-arm64 1.3.0 53.00 NOTE
r-release-macos-x86_64 1.3.0 78.00 NOTE
r-release-windows-x86_64 1.3.0 11.00 103.00 114.00 NOTE
r-oldrel-macos-arm64 1.3.0 52.00 NOTE
r-oldrel-macos-x86_64 1.3.0 88.00 NOTE
r-oldrel-windows-x86_64 1.3.0 13.00 131.00 144.00 NOTE

Check Details

Version: 1.3.0
Check: LazyData
Result: NOTE 'LazyData' is specified without a 'data' directory Flavors: r-devel-linux-x86_64-debian-clang, r-devel-linux-x86_64-debian-gcc, r-devel-linux-x86_64-fedora-clang, r-devel-linux-x86_64-fedora-gcc, r-devel-windows-x86_64, r-patched-linux-x86_64, r-release-linux-x86_64, r-release-macos-arm64, r-release-macos-x86_64, r-release-windows-x86_64, r-oldrel-macos-arm64, r-oldrel-macos-x86_64, r-oldrel-windows-x86_64