CRAN Package Check Results for Package troopdata

Last updated on 2024-07-16 05:56:06 CEST.

Flavor Version Tinstall Tcheck Ttotal Status Flags
r-devel-linux-x86_64-debian-clang 1.0.0 4.51 44.44 48.95 OK
r-devel-linux-x86_64-debian-gcc 1.0.0 4.59 33.42 38.01 OK
r-devel-linux-x86_64-fedora-clang 1.0.0 65.52 NOTE
r-devel-linux-x86_64-fedora-gcc 1.0.0 58.47 NOTE
r-devel-windows-x86_64 1.0.0 7.00 57.00 64.00 OK
r-patched-linux-x86_64 1.0.0 5.99 42.01 48.00 OK
r-release-linux-x86_64 1.0.0 5.39 41.56 46.95 OK
r-release-macos-arm64 1.0.0 23.00 OK
r-release-macos-x86_64 1.0.0 59.00 OK
r-release-windows-x86_64 1.0.0 6.00 57.00 63.00 OK
r-oldrel-macos-arm64 1.0.0 28.00 OK
r-oldrel-macos-x86_64 1.0.0 51.00 OK
r-oldrel-windows-x86_64 1.0.0 8.00 64.00 72.00 OK

Check Details

Version: 1.0.0
Check: data for non-ASCII characters
Result: NOTE Note: found 192 marked UTF-8 strings Flavors: r-devel-linux-x86_64-fedora-clang, r-devel-linux-x86_64-fedora-gcc