CRAN Package Check Results for Package tufte

Last updated on 2024-07-18 06:57:39 CEST.

Flavor Version Tinstall Tcheck Ttotal Status Flags
r-devel-linux-x86_64-debian-clang 0.13 2.27 34.07 36.34 OK
r-devel-linux-x86_64-debian-gcc 0.13 2.66 25.95 28.61 OK
r-devel-linux-x86_64-fedora-clang 0.13 47.90 OK
r-devel-linux-x86_64-fedora-gcc 0.13 43.99 OK
r-devel-windows-x86_64 0.13 5.00 47.00 52.00 NOTE
r-patched-linux-x86_64 0.13 7.92 31.86 39.78 OK
r-release-linux-x86_64 0.13 3.25 32.97 36.22 OK
r-release-macos-arm64 0.13 20.00 OK
r-release-macos-x86_64 0.13 27.00 OK
r-release-windows-x86_64 0.13 5.00 49.00 54.00 OK
r-oldrel-macos-arm64 0.13 18.00 OK
r-oldrel-macos-x86_64 0.13 34.00 OK
r-oldrel-windows-x86_64 0.13 5.00 52.00 57.00 OK

Check Details

Version: 0.13
Check: Rd cross-references
Result: NOTE Found the following Rd file(s) with Rd \link{} targets missing package anchors: tufte_handout.Rd: pdf_document, html_document Please provide package anchors for all Rd \link{} targets not in the package itself and the base packages. Flavor: r-devel-windows-x86_64