CRAN Package Check Results for Package tufterhandout

Last updated on 2024-06-23 05:54:37 CEST.

Flavor Version Tinstall Tcheck Ttotal Status Flags
r-devel-linux-x86_64-debian-clang 1.2.1 3.30 38.14 41.44 NOTE
r-devel-linux-x86_64-debian-gcc 1.2.1 2.46 29.90 32.36 NOTE
r-devel-linux-x86_64-fedora-clang 1.2.1 54.55 NOTE
r-devel-linux-x86_64-fedora-gcc 1.2.1 63.87 NOTE
r-devel-windows-x86_64 1.2.1 5.00 50.00 55.00 NOTE
r-patched-linux-x86_64 1.2.1 2.88 37.39 40.27 NOTE
r-release-linux-x86_64 1.2.1 3.10 36.80 39.90 NOTE
r-release-macos-arm64 1.2.1 29.00 NOTE
r-release-macos-x86_64 1.2.1 44.00 NOTE
r-release-windows-x86_64 1.2.1 4.00 53.00 57.00 NOTE
r-oldrel-macos-arm64 1.2.1 26.00 NOTE
r-oldrel-macos-x86_64 1.2.1 39.00 NOTE
r-oldrel-windows-x86_64 1.2.1 5.00 56.00 61.00 NOTE

Check Details

Version: 1.2.1
Check: DESCRIPTION meta-information
Result: NOTE Malformed Description field: should contain one or more complete sentences. Flavors: r-devel-linux-x86_64-debian-clang, r-devel-linux-x86_64-debian-gcc, r-devel-linux-x86_64-fedora-clang, r-devel-linux-x86_64-fedora-gcc, r-devel-windows-x86_64, r-patched-linux-x86_64, r-release-linux-x86_64, r-release-macos-arm64, r-release-macos-x86_64, r-release-windows-x86_64, r-oldrel-macos-arm64, r-oldrel-macos-x86_64, r-oldrel-windows-x86_64