CRAN Package Check Results for Package twangRDC

Last updated on 2024-07-21 05:57:49 CEST.

Flavor Version Tinstall Tcheck Ttotal Status Flags
r-devel-linux-x86_64-debian-clang 1.0 11.27 502.64 513.91 OK
r-devel-linux-x86_64-debian-gcc 1.0 7.51 1298.64 1306.15 NOTE
r-devel-linux-x86_64-fedora-clang 1.0 828.39 NOTE
r-devel-linux-x86_64-fedora-gcc 1.0 968.68 OK
r-devel-windows-x86_64 1.0 11.00 297.00 308.00 NOTE
r-patched-linux-x86_64 1.0 14.20 1128.56 1142.76 OK
r-release-linux-x86_64 1.0 11.76 1113.62 1125.38 OK
r-release-macos-arm64 1.0 279.00 OK
r-release-macos-x86_64 1.0 408.00 OK
r-release-windows-x86_64 1.0 10.00 297.00 307.00 OK
r-oldrel-macos-arm64 1.0 334.00 OK
r-oldrel-macos-x86_64 1.0 519.00 NOTE
r-oldrel-windows-x86_64 1.0 13.00 370.00 383.00 OK

Check Details

Version: 1.0
Check: Rd cross-references
Result: NOTE Found the following Rd file(s) with Rd \link{} targets missing package anchors: plot.ps.xgb.Rd: ggplot ps.xgb.Rd: xgboost Please provide package anchors for all Rd \link{} targets not in the package itself and the base packages. Flavors: r-devel-linux-x86_64-debian-gcc, r-devel-windows-x86_64

Version: 1.0
Check: Rd cross-references
Result: NOTE Undeclared package ‘twang’ in Rd xrefs Flavor: r-devel-linux-x86_64-fedora-clang

Version: 1.0
Check: Rd cross-references
Result: NOTE Package unavailable to check Rd xrefs: ‘twang’ Flavor: r-oldrel-macos-x86_64