CRAN Package Check Results for Package uaparserjs

Last updated on 2024-06-23 05:54:37 CEST.

Flavor Version Tinstall Tcheck Ttotal Status Flags
r-devel-linux-x86_64-debian-clang 0.3.5 3.64 42.87 46.51 NOTE
r-devel-linux-x86_64-debian-gcc 0.3.5 3.30 32.53 35.83 NOTE
r-devel-linux-x86_64-fedora-clang 0.3.5 58.31 NOTE
r-devel-linux-x86_64-fedora-gcc 0.3.5 55.26 NOTE
r-devel-windows-x86_64 0.3.5 4.00 50.00 54.00 NOTE
r-patched-linux-x86_64 0.3.5 4.80 40.33 45.13 NOTE
r-release-linux-x86_64 0.3.5 4.05 40.52 44.57 NOTE
r-release-macos-arm64 0.3.5 26.00 NOTE
r-release-macos-x86_64 0.3.5 36.00 NOTE
r-release-windows-x86_64 0.3.5 5.00 52.00 57.00 NOTE
r-oldrel-macos-arm64 0.3.5 22.00 NOTE
r-oldrel-macos-x86_64 0.3.5 31.00 NOTE
r-oldrel-windows-x86_64 0.3.5 5.00 55.00 60.00 NOTE

Check Details

Version: 0.3.5
Check: package subdirectories
Result: NOTE Problems with news in ‘NEWS.md’: No news entries found. Flavors: r-devel-linux-x86_64-debian-clang, r-devel-linux-x86_64-debian-gcc, r-devel-linux-x86_64-fedora-clang, r-devel-linux-x86_64-fedora-gcc, r-devel-windows-x86_64, r-patched-linux-x86_64, r-release-linux-x86_64, r-release-macos-arm64, r-release-macos-x86_64, r-release-windows-x86_64, r-oldrel-macos-arm64, r-oldrel-macos-x86_64, r-oldrel-windows-x86_64