CRAN Package Check Results for Package volker

Last updated on 2024-07-25 05:55:13 CEST.

Flavor Version Tinstall Tcheck Ttotal Status Flags
r-devel-linux-x86_64-debian-clang 2.0.1 10.89 236.55 247.44 OK
r-devel-linux-x86_64-debian-gcc 2.0.1 9.19 177.45 186.64 NOTE
r-devel-linux-x86_64-fedora-clang 2.0.1 241.90 OK
r-devel-linux-x86_64-fedora-gcc 2.0.1 265.99 OK
r-devel-windows-x86_64 2.0.1 12.00 187.00 199.00 NOTE
r-patched-linux-x86_64 2.0.1 21.57 232.58 254.15 OK
r-release-linux-x86_64 2.0.1 7.89 228.54 236.43 OK
r-release-macos-arm64 2.0.1 88.00 OK
r-release-macos-x86_64 2.0.1 129.00 OK
r-release-windows-x86_64 2.0.1 12.00 188.00 200.00 OK
r-oldrel-macos-arm64 2.0.1 99.00 OK
r-oldrel-macos-x86_64 2.0.1 165.00 OK
r-oldrel-windows-x86_64 2.0.1 16.00 236.00 252.00 OK

Check Details

Version: 2.0.1
Check: Rd cross-references
Result: NOTE Found the following Rd file(s) with Rd \link{} targets missing package anchors: knit_table.Rd: kable skim_metrics.Rd: skim_with Please provide package anchors for all Rd \link{} targets not in the package itself and the base packages. Flavors: r-devel-linux-x86_64-debian-gcc, r-devel-windows-x86_64