CRAN Package Check Results for Package vprr

Last updated on 2024-07-18 06:57:39 CEST.

Flavor Version Tinstall Tcheck Ttotal Status Flags
r-devel-linux-x86_64-debian-clang 0.2.3 14.97 101.04 116.01 OK
r-devel-linux-x86_64-debian-gcc 0.2.3 12.33 76.17 88.50 OK
r-devel-linux-x86_64-fedora-clang 0.2.3 146.00 NOTE
r-devel-linux-x86_64-fedora-gcc 0.2.3 146.40 NOTE
r-devel-windows-x86_64 0.2.3 21.00 102.00 123.00 NOTE
r-patched-linux-x86_64 0.2.3 23.60 96.40 120.00 OK
r-release-linux-x86_64 0.2.3 11.30 96.95 108.25 OK
r-release-macos-arm64 0.2.3 49.00 NOTE
r-release-macos-x86_64 0.2.3 77.00 NOTE
r-release-windows-x86_64 0.2.3 21.00 102.00 123.00 NOTE
r-oldrel-macos-arm64 0.2.3 52.00 NOTE
r-oldrel-macos-x86_64 0.2.3 85.00 NOTE
r-oldrel-windows-x86_64 0.2.3 25.00 118.00 143.00 NOTE

Check Details

Version: 0.2.3
Check: installed package size
Result: NOTE installed size is 9.9Mb sub-directories of 1Mb or more: extdata 8.6Mb Flavors: r-devel-linux-x86_64-fedora-clang, r-devel-windows-x86_64, r-release-macos-arm64, r-release-macos-x86_64, r-release-windows-x86_64, r-oldrel-macos-arm64, r-oldrel-macos-x86_64, r-oldrel-windows-x86_64

Version: 0.2.3
Check: dependencies in R code
Result: NOTE Namespace in Imports field not imported from: ‘usethis’ All declared Imports should be used. Flavors: r-devel-linux-x86_64-fedora-clang, r-devel-linux-x86_64-fedora-gcc

Version: 0.2.3
Check: Rd cross-references
Result: NOTE Found the following Rd file(s) with Rd \link{} targets missing package anchors: ctd_cast.Rd: ctdFindProfiles vpr_manual_classification.Rd: image_scale Please provide package anchors for all Rd \link{} targets not in the package itself and the base packages. Flavor: r-devel-windows-x86_64