CRAN Package Check Results for Package vsp

Last updated on 2024-07-20 06:49:36 CEST.

Flavor Version Tinstall Tcheck Ttotal Status Flags
r-devel-linux-x86_64-debian-clang 0.1.1 9.84 114.09 123.93 OK
r-devel-linux-x86_64-debian-gcc 0.1.1 8.71 84.08 92.79 OK
r-devel-linux-x86_64-fedora-clang 0.1.1 165.78 NOTE
r-devel-linux-x86_64-fedora-gcc 0.1.1 174.73 OK
r-devel-windows-x86_64 0.1.1 11.00 96.00 107.00 NOTE
r-patched-linux-x86_64 0.1.1 14.08 107.81 121.89 OK
r-release-linux-x86_64 0.1.1 9.84 105.83 115.67 OK
r-release-macos-arm64 0.1.1 49.00 OK
r-release-macos-x86_64 0.1.1 76.00 OK
r-release-windows-x86_64 0.1.1 12.00 96.00 108.00 OK
r-oldrel-macos-arm64 0.1.1 50.00 OK
r-oldrel-macos-x86_64 0.1.1 87.00 OK
r-oldrel-windows-x86_64 0.1.1 13.00 115.00 128.00 OK

Check Details

Version: 0.1.1
Check: Rd cross-references
Result: NOTE Undeclared package ‘progress’ in Rd xrefs Flavor: r-devel-linux-x86_64-fedora-clang

Version: 0.1.1
Check: Rd cross-references
Result: NOTE Found the following Rd file(s) with Rd \link{} targets missing package anchors: make_skew_positive.Rd: fa_like vsp_fa.Rd: invertiforms Please provide package anchors for all Rd \link{} targets not in the package itself and the base packages. Flavor: r-devel-windows-x86_64