CRAN Package Check Results for Package wINEQ

Last updated on 2024-06-13 06:58:23 CEST.

Flavor Version Tinstall Tcheck Ttotal Status Flags
r-devel-linux-x86_64-debian-clang 1.2.0 5.99 48.72 54.71 NOTE
r-devel-linux-x86_64-debian-gcc 1.2.0 0.35 1.63 1.98 ERROR
r-devel-linux-x86_64-fedora-clang 1.2.0 69.76 NOTE
r-devel-linux-x86_64-fedora-gcc 1.2.0 64.66 NOTE
r-devel-windows-x86_64 1.2.0 6.00 59.00 65.00 NOTE
r-patched-linux-x86_64 1.2.0 5.55 47.94 53.49 NOTE
r-release-linux-x86_64 1.2.0 5.72 46.57 52.29 NOTE
r-release-macos-arm64 1.2.0 21.00 NOTE
r-release-macos-x86_64 1.2.0 32.00 NOTE
r-release-windows-x86_64 1.2.0 6.00 60.00 66.00 NOTE
r-oldrel-macos-arm64 1.2.0 23.00 OK
r-oldrel-macos-x86_64 1.2.0 43.00 OK
r-oldrel-windows-x86_64 1.2.0 8.00 66.00 74.00 OK

Check Details

Version: 1.2.0
Check: Rd files
Result: NOTE checkRd: (-1) Hoover.Rd:21: Lost braces; missing escapes or markup? 21 | Let x_{i} be the income of the i-th person and \eqn{\overline{x}} be the mean income. Then the Hoover index H is: | ^ checkRd: (-1) RicciSchutz.Rd:21: Lost braces; missing escapes or markup? 21 | In the case of an empirical distribution with n elements where y_{i} denotes the wealth of household i and \eqn{\overline{y}} the sample average, the Ricci and Schutz coefficient can be expressed as: | ^ Flavors: r-devel-linux-x86_64-debian-clang, r-devel-linux-x86_64-fedora-clang, r-devel-linux-x86_64-fedora-gcc, r-devel-windows-x86_64, r-patched-linux-x86_64, r-release-linux-x86_64, r-release-macos-arm64, r-release-macos-x86_64, r-release-windows-x86_64

Version: 1.2.0
Check: package dependencies
Result: ERROR Package required but not available: ‘dplyr’ See section ‘The DESCRIPTION file’ in the ‘Writing R Extensions’ manual. Flavor: r-devel-linux-x86_64-debian-gcc

Version: 1.2.0
Check: data for non-ASCII characters
Result: NOTE Note: found 1 marked UTF-8 string Flavors: r-devel-linux-x86_64-fedora-clang, r-devel-linux-x86_64-fedora-gcc