CRAN Package Check Results for Package wav

Last updated on 2024-07-20 06:49:36 CEST.

Flavor Version Tinstall Tcheck Ttotal Status Flags
r-devel-linux-x86_64-debian-clang 0.1.0 16.26 30.12 46.38 NOTE
r-devel-linux-x86_64-debian-gcc 0.1.0 12.19 22.99 35.18 NOTE
r-devel-linux-x86_64-fedora-clang 0.1.0 74.60 NOTE
r-devel-linux-x86_64-fedora-gcc 0.1.0 72.55 NOTE
r-devel-windows-x86_64 0.1.0 16.00 63.00 79.00 NOTE
r-patched-linux-x86_64 0.1.0 21.54 28.80 50.34 NOTE
r-release-linux-x86_64 0.1.0 18.23 29.08 47.31 NOTE
r-release-macos-arm64 0.1.0 22.00 NOTE
r-release-macos-x86_64 0.1.0 51.00 NOTE
r-release-windows-x86_64 0.1.0 19.00 60.00 79.00 NOTE
r-oldrel-macos-arm64 0.1.0 27.00 NOTE
r-oldrel-macos-x86_64 0.1.0 39.00 NOTE
r-oldrel-windows-x86_64 0.1.0 18.00 69.00 87.00 NOTE

Check Details

Version: 0.1.0
Check: C++ specification
Result: NOTE Specified C++11: please drop specification unless essential Flavors: r-devel-linux-x86_64-debian-clang, r-devel-linux-x86_64-debian-gcc, r-devel-linux-x86_64-fedora-clang, r-devel-linux-x86_64-fedora-gcc, r-devel-windows-x86_64, r-patched-linux-x86_64, r-release-linux-x86_64, r-release-macos-arm64, r-release-macos-x86_64, r-release-windows-x86_64, r-oldrel-macos-arm64, r-oldrel-macos-x86_64, r-oldrel-windows-x86_64