CRAN Package Check Results for Package zen4R

Last updated on 2024-06-13 06:58:23 CEST.

Flavor Version Tinstall Tcheck Ttotal Status Flags
r-devel-linux-x86_64-debian-clang 0.10 17.59 112.40 129.99 OK
r-devel-linux-x86_64-debian-gcc 0.10 0.41 1.75 2.16 ERROR
r-devel-linux-x86_64-fedora-clang 0.10 168.18 OK
r-devel-linux-x86_64-fedora-gcc 0.10 176.48 OK
r-devel-windows-x86_64 0.10 15.00 106.00 121.00 OK
r-patched-linux-x86_64 0.9 20.48 97.83 118.31 OK
r-release-linux-x86_64 0.10 14.27 108.36 122.63 OK
r-release-macos-arm64 0.10 52.00 OK
r-release-macos-x86_64 0.10 137.00 OK
r-release-windows-x86_64 0.10 17.00 102.00 119.00 OK
r-oldrel-macos-arm64 0.10 57.00 OK
r-oldrel-macos-x86_64 0.10 126.00 OK
r-oldrel-windows-x86_64 0.10 20.00 122.00 142.00 OK

Check Details

Version: 0.10
Check: package dependencies
Result: ERROR Package required but not available: ‘atom4R’ Package suggested but not available for checking: ‘testthat’ See section ‘The DESCRIPTION file’ in the ‘Writing R Extensions’ manual. Flavor: r-devel-linux-x86_64-debian-gcc